{"id":571,"date":"2020-08-07T12:26:42","date_gmt":"2020-08-07T12:26:42","guid":{"rendered":"http:\/\/wp.pinot-noix.com\/?page_id=571"},"modified":"2026-01-20T13:33:25","modified_gmt":"2026-01-20T13:33:25","slug":"impressum","status":"publish","type":"page","link":"https:\/\/wp.pinot-noix.com\/?page_id=571","title":{"rendered":"IMPRESSUM"},"content":{"rendered":"<p>[et_pb_section fb_built=&#8220;1&#8243; _builder_version=&#8220;4.16&#8243; background_color=&#8220;#000000&#8243; global_colors_info=&#8220;{}&#8220;][et_pb_row _builder_version=&#8220;4.16&#8243; global_colors_info=&#8220;{}&#8220;][et_pb_column type=&#8220;4_4&#8243; _builder_version=&#8220;4.16&#8243; global_colors_info=&#8220;{}&#8220;][et_pb_text _builder_version=&#8220;4.16&#8243; custom_padding=&#8220;2px|||||&#8220; global_colors_info=&#8220;{}&#8220;]<\/p>\n<h1><span style=\"color: rgba(255, 255, 255, 0);\"><strong><br \/><span style=\"color: #ffffff;\"> IMPRESSUM<\/span><\/strong><\/span><\/h1>\n<p style=\"text-align: center;\"><span style=\"color: #ffffff;\"><strong><br \/><\/strong><strong><\/strong><\/span><\/p>\n<p style=\"text-align: center;\"><span style=\"color: #ffffff;\"><strong><\/strong><\/span><\/p>\n<h4 class=\"qrShPb kno-ecr-pt PZPZlf mfMhoc hNKfZe\" data-dtype=\"d3ifr\" data-local-attribute=\"d3bn\" data-attrid=\"title\" data-ved=\"2ahUKEwj57-7d3vTqAhWQCewKHS6PD5MQ3B0oADAZegQIERAL\" style=\"text-align: left;\"><span style=\"color: #ffffff;\"><strong>Weingut Daniel Twardowski<\/strong><\/span><\/h4>\n<p><span style=\"color: #ffffff;\"><strong>Adresse WEINGUT: <\/strong><\/span><strong><span style=\"color: #ffffff;\">Folzerweg 20<\/span><br \/><span style=\"color: #ffffff;\">Adresse B\u00dcRO: Im Hof 23<\/span><\/strong><\/p>\n<p><span style=\"color: #ffffff;\"><strong><\/strong><\/span><span style=\"color: #ffffff;\"><strong>54347 Neumagen-Dhron<br \/>Tel. +49 (0) 160 977 66714<br \/>eMail:<\/strong><\/span><strong> <\/strong><span style=\"color: #ffffff;\"><a href=\"mailto:hello@pinot-noix.com\" style=\"color: #ffffff;\"><strong>hello@pinot-noix.com<\/strong><\/a><strong><\/strong><strong><br \/>Internet: <a href=\"http:\/\/www.pinot-noix.com\" style=\"color: #ffffff;\">www.pinot-noix.com<\/a><\/strong><\/span><\/p>\n<p><strong><a href=\"http:\/\/www.pinot-noix.com\" style=\"color: #ffffff;\">Fotography by:<\/a><\/strong><\/p>\n<p><span style=\"color: #ffffff;\"><strong>Chris Marmann<br \/>Volker Wenzlawski <br \/><\/strong><\/span><\/p>\n<p>&nbsp;<\/p>\n<p><span style=\"color: #ffffff;\"><strong>UST-ID-NR. DE252861102 &#8211; Steuer ID 43\/201\/00533<br \/><\/strong><\/span><\/p>\n<p style=\"text-align: left;\"><span style=\"border: 0px none; margin: 0px; padding: 0px; vertical-align: baseline; font-family: arial, helvetica, sans-serif; background-position: 0px 0px; color: #ffffff;\">\u00a0<\/span><\/p>\n<p class=\"p1\"><span class=\"s1\" style=\"color: #ffffff;\"><span class=\"s1\"><b>Hinweis gem. Art. 14 Abs. 1 der EU-Verordnung (EU) Nr. 524\/2013 (Verordnung \u00fcber Online-Streitbeilegung in Verbraucherangelegenheiten):<\/b><\/span><\/span><\/p>\n<p class=\"p1\"><span style=\"color: #ffffff;\"><span class=\"s1\">Plattform der EU zur au\u00dfergerichtlichen Online-Streitbeilegung https:\/\/ec.europa.eu\/consumers\/odr\/Wir sind weder bereit noch verpflichtet, an einem Streitbeilegungsverfahren vor einer Verbraucherschlichtungsstelle teilzunehmen.<br \/><\/span><span class=\"s1\"><\/span><span class=\"s1\"><br \/><\/span><\/span><\/p>\n<div class=\"section mcb-section   \" style=\"padding-top: 0px; padding-bottom: 0px;\">\n<div class=\"section_wrapper mcb-section-inner\">\n<div class=\"wrap mcb-wrap one  valign-top clearfix\">\n<div class=\"mcb-wrap-inner\">\n<div class=\"column mcb-column three-fifth column_visual \">\n<p class=\"p1\"><span class=\"s1\" style=\"color: #ffffff;\"><b>Haftungsausschluss:<\/b><\/span><\/p>\n<p class=\"p1\"><span class=\"s1\" style=\"color: #ffffff;\"><b>Haftung f\u00fcr Inhalte<\/b><\/span><\/p>\n<p class=\"p1\"><span class=\"s1\" style=\"color: #ffffff;\">Die Inhalte unserer Seiten wurden mit gr\u00f6\u00dfter Sorgfalt erstellt. F\u00fcr die Richtigkeit, Vollst\u00e4ndigkeit und Aktualit\u00e4t der Inhalte k\u00f6nnen wir jedoch keine Gew\u00e4hr \u00fcbernehmen. Als Dienstanbieter sind wir gem\u00e4\u00df \u00a7 7 Abs.1 TMG f\u00fcr eigene Inhalte auf diesen Seiten nach den allgemeinen Gesetzen verantwortlich. Nach \u00a7\u00a7 8 bis 10 TMG sind wir als Dienstanbieter jedoch nicht verpflichtet, \u00fcbermittelte oder gespeicherte fremde Informationen zu \u00fcberwachen oder nach Umst\u00e4nden zu forschen, die auf eine rechtswidrige T\u00e4tigkeit hinweisen. Verpflichtungen zur Entfernung oder Sperrung der Nutzung von Informationen nach den allgemeinen Gesetzen bleiben hiervon unber\u00fchrt. Eine diesbez\u00fcgliche Haftung ist jedoch erst ab dem Zeitpunkt der Kenntnis einer konkreten Rechtsverletzung m\u00f6glich. Bei Bekanntwerden von entsprechenden Rechtsverletzungen werden wir diese Inhalte umgehend entfernen.<\/span><\/p>\n<p class=\"p1\"><span class=\"s1\" style=\"color: #ffffff;\"><b>Haftung f\u00fcr Links<\/b><\/span><\/p>\n<p class=\"p1\"><span class=\"s1\" style=\"color: #ffffff;\">Unser Angebot enth\u00e4lt Links zu externen Webseiten Dritter, auf deren Inhalte wir keinen Einfluss haben. Deshalb k\u00f6nnen wir f\u00fcr diese fremden Inhalte auch keine Gew\u00e4hr \u00fcbernehmen. F\u00fcr die Inhalte der verlinkten Seiten ist stets der jeweilige Anbieter oder Betreiber der Seiten verantwortlich. Die verlinkten Seiten wurden zum Zeitpunkt der Verlinkung auf m\u00f6gliche Rechtsverst\u00f6\u00dfe \u00fcberpr\u00fcft. Rechtswidrige Inhalte waren zum Zeitpunkt der Verlinkung nicht erkennbar. Eine permanente inhaltliche Kontrolle der verlinkten Seiten ist jedoch ohne konkrete Anhaltspunkte einer Rechtsverletzung nicht zumutbar. Bei Bekanntwerden von Rechtsverletzungen werden wir derartige Links umgehend entfernen.<\/span><\/p>\n<p class=\"p1\"><span class=\"s1\" style=\"color: #ffffff;\"><b>Urheberrecht<\/b><\/span><\/p>\n<p class=\"p1\"><span class=\"s1\" style=\"color: #ffffff;\">Die durch die Seitenbetreiber erstellten Inhalte und Werke auf diesen Seiten unterliegen dem deutschen Urheberrecht. Die Vervielf\u00e4ltigung, Bearbeitung, Verbreitung und jede Art der Verwertung au\u00dferhalb der Grenzen des Urheberrechtes bed\u00fcrfen der schriftlichen Zustimmung des jeweiligen Autors bzw. Erstellers. Downloads und Kopien dieser Seite sind nur f\u00fcr den privaten, nicht kommerziellen Gebrauch gestattet. Soweit die Inhalte auf dieser Seite nicht vom Betreiber erstellt wurden, werden die Urheberrechte Dritter beachtet. Insbesondere werden Inhalte Dritter als solche gekennzeichnet. Sollten Sie trotzdem auf eine Urheberrechtsverletzung aufmerksam werden, bitten wir um einen entsprechenden Hinweis. Bei Bekanntwerden von Rechtsverletzungen werden wir derartige Inhalte umgehend entfernen.<\/span><\/p>\n<\/div>\n<div class=\"column mcb-column one-fifth column_placeholder\">\n<div class=\"placeholder\"><span style=\"color: #ffffff;\">\u00a0<\/span><\/div>\n<\/div>\n<\/div>\n<\/div>\n<\/div>\n<\/div>\n<div class=\"section the_content no_content\">\n<div class=\"section_wrapper\">\n<div class=\"the_content_wrapper\"><\/div>\n<\/div>\n<\/div>\n<div class=\"section section-page-footer\">\n<div class=\"section_wrapper clearfix\">\n<div class=\"column one page-pager\"><\/div>\n<\/div>\n<\/div>\n<p class=\"p1\"><span class=\"s1\" style=\"color: #ffffff;\">\u00a0<\/span><\/p>\n<h2 style=\"text-align: center;\"><\/h2>\n<p>[\/et_pb_text][\/et_pb_column][\/et_pb_row][\/et_pb_section]<\/p>\n","protected":false},"excerpt":{"rendered":"<p>IMPRESSUM Weingut Daniel Twardowski Adresse WEINGUT: Folzerweg 20Adresse B\u00dcRO: Im Hof 23 54347 Neumagen-DhronTel. +49 (0) 160 977 66714eMail: hello@pinot-noix.comInternet: www.pinot-noix.com Fotography by: Chris MarmannVolker Wenzlawski &nbsp; UST-ID-NR. DE252861102 &#8211; Steuer ID 43\/201\/00533 \u00a0 Hinweis gem. Art. 14 Abs. 1 der EU-Verordnung (EU) Nr. 524\/2013 (Verordnung \u00fcber Online-Streitbeilegung in Verbraucherangelegenheiten): Plattform der EU zur au\u00dfergerichtlichen [&hellip;]<\/p>\n","protected":false},"author":1,"featured_media":0,"parent":0,"menu_order":0,"comment_status":"closed","ping_status":"closed","template":"","meta":{"_et_pb_use_builder":"on","_et_pb_old_content":"","_et_gb_content_width":"","footnotes":""},"class_list":["post-571","page","type-page","status-publish","hentry"],"_links":{"self":[{"href":"https:\/\/wp.pinot-noix.com\/index.php?rest_route=\/wp\/v2\/pages\/571","targetHints":{"allow":["GET"]}}],"collection":[{"href":"https:\/\/wp.pinot-noix.com\/index.php?rest_route=\/wp\/v2\/pages"}],"about":[{"href":"https:\/\/wp.pinot-noix.com\/index.php?rest_route=\/wp\/v2\/types\/page"}],"author":[{"embeddable":true,"href":"https:\/\/wp.pinot-noix.com\/index.php?rest_route=\/wp\/v2\/users\/1"}],"replies":[{"embeddable":true,"href":"https:\/\/wp.pinot-noix.com\/index.php?rest_route=%2Fwp%2Fv2%2Fcomments&post=571"}],"version-history":[{"count":10,"href":"https:\/\/wp.pinot-noix.com\/index.php?rest_route=\/wp\/v2\/pages\/571\/revisions"}],"predecessor-version":[{"id":1300,"href":"https:\/\/wp.pinot-noix.com\/index.php?rest_route=\/wp\/v2\/pages\/571\/revisions\/1300"}],"wp:attachment":[{"href":"https:\/\/wp.pinot-noix.com\/index.php?rest_route=%2Fwp%2Fv2%2Fmedia&parent=571"}],"curies":[{"name":"wp","href":"https:\/\/api.w.org\/{rel}","templated":true}]}}